uppose -561*b = -552*b - 2187. What is the remainder when b is divided by 235?
8
Let b(n) = -6*n + 23. Let g be b(3). Let m be ((-8)/g)/(15/25 + -1). Calculate the remainder when 249 is divided by 54/m*12*(-3)/(-27).
15
Suppose -2*f = -3*f. Suppose z + 2*j - 29 = 4*j, -3*z + 77 = 4*j. Calculate the remainder when (f - -1 - 2)*-106 is divided by z.
25
Suppose 235 = w + 2*w - 4*p, 2*p - 85 = -w. Calculate the remainder when 1295 is divided by w.
80
Suppose -x - 1066 = -14*x. Let n = x + 72. What is the remainder when n is divided by 32?
26
Let t = -220 + -91. Let n = t - -406. Calculate the remainder when n is divided by 11.
7
Calculate the remainder when (-1 + 913/7)/((-5)/(-70)) is divided by 121.
118
Suppose 23188 = -18573*x + 18584*x. Calculate the remainder when x is divided by 57.
56
Suppose 5*u - 365*h - 998 = -363*h, u - 232 = 4*h. Let y(w) = -w + 4. Calculate the remainder when u is divided by y(-5).
7
Let t(g) = -2*g + 34. Let l(d) = -d + 17. Let o(z) = -15*l(z) + 6*t(z). What is the remainder when o(19) is divided by 4?
2
Calculate the remainder when 82 is divided by (6/(-30)*34)/((-8)/60).
31
Suppose 31*p = 25*p + 900. Suppose -231 = -3*a - p. What is the remainder when 348 is divided by a?
24
Calculate the remainder when (70/100 + (-9)/(-30))*(1 - -996) is divided by 7.
3
Let w(u) = 6*u**3 - 3*u**2 + 4*u + 5. Let n be w(-3). Calculate the remainder when ((-9)/(-18))/((-2)/n) is divided by 12.
1
Let o be (-7 - -4)/(2/(-14)). What is the remainder when 6/o + 9 + 4015/35 is divided by 35?
19
Let a(c) = 23*c - 689. What is the remainder when 515 is divided by a(32)?
45
Suppose -11*x + 2132 = 1228 - 2671. Calculate the remainder when x is divided by 126.
73
Suppose z - 2*s - 33 = 0, -2*s = -z + 3*z - 96. Suppose -z*d = -47*d + 112. What is the remainder when 102 is divided by d?
18
Suppose 3*d = -6*g + 7*g + 1615, 2*d + 8*g - 1016 = 0. What is the remainder when 1086 is divided by d?
14
Suppose -5*v + 67 + 2 = -4*c, 0 = -5*v + 2*c + 67. Calculate the remainder when 4223 is divided by v.
11
Suppose -74*q + 364 = -70*q - 2*c, 4*q - 360 = 3*c. What is the remainder when q is divided by 32?
29
Suppose -30*p = -83*p + 42*p + 1441. Calculate the remainder when 382 is divided by p.
120
Let x = 105618 - 105516. Let l be (6/(-4))/(3/(-30)). Suppose 3*g - 24 = l. Calculate the remainder when x is divided by g.
11
Let s(g) = -g**3 - 10*g**2 + 46*g + 518. Calculate the remainder when 1857 is divided by s(-10).
1
Suppose 64*h - 70707 = -47*h. Calculate the remainder when h is divided by 129.
121
Suppose 5*v - 54 = 2*p + 31, -2*p + 17 = v. Suppose 105 + 6 = 3*t. Let z = t - 12. Calculate the remainder when z is divided by v.
8
Let l = -1 + 4. Let g(z) be the first derivative of 7*z**2/2 + 5*z - 1274. Calculate the remainder when 127 is divided by g(l).
23
Suppose -5*s - 3*a = -88, 2*a = -2*s + 40 - 8. What is the remainder when 733 is divided by s?
13
Let n(g) = g**3 + 11*g**2 + 10*g + 148. Calculate the remainder when n(-7) is divided by 165.
109
Suppose 667*s = 1466299 - 71602. Calculate the remainder when s is divided by 519.
15
Calculate the remainder when 1132 is divided by 3 + (-138)/(-21) + (-8)/14.
7
Let u(f) = 2*f**3 + 12*f**2 + 4*f - 12. Let j be u(-5). Let b(x) = x**2 - 10*x - 71. Calculate the remainder when 215 is divided by b(j).
69
Let o be 1122/(7 + -13) - (2 - -2). Let t = -161 - o. Let r(x) = x**2 - 4*x - 10. Calculate the remainder when t is divided by r(7).
8
Let a(v) = 10*v - 71. Let i be a(19). Let c = i - 107. Calculate the remainder when c is divided by 9.
3
Let h = -295 - -483. Let z = h + -176. Calculate the remainder when z is divided by ((-30)/18)/(1/(-3)).
2
Calculate the remainder when 339 is divided by ((-1)/14)/(5/(-4910)) - 203/1421.
59
Let u(z) = z**2 - z - 1. Let c be u(-2). Calculate the remainder when 99 is divided by 1/((-10)/(-178)) + 1/c.
9
Suppose 0*m + 8 = m. Let n(k) = -k**3 - 4*k**2 - 5*k - 5. Let u be n(-5). Suppose -u = 12*v - 129. Calculate the remainder when m is divided by v.
1
Suppose -3*b - 13 + 48 = x, -5*x + 3*b + 139 = 0. Let k(f) = 150*f**3 + f**2 + 8*f - 9. Let q be k(1). What is the remainder when x is divided by -30*18/q*-5?
11
Let f be (-7 + (-10)/(-8))*-368. What is the remainder when (1 - (-26)/(-22)) + f/22 is divided by 87?
9
Let g = 531 - 538. Suppose -3*n = 2*b - 41, -4*n - 34 = -2*b - 0*b. What is the remainder when b is divided by g*1 + -20 + 38?
8
Let s be 0 - 1/(2/(-338)). Suppose 0 = 2*y - 23 - s. What is the remainder when y is divided by 11?
8
Calculate the remainder when 682 is divided by (-3)/(-7) + (-9)/(-21) + 339/21.
2
What is the remainder when 14 is divided by 8/((-280)/(-21)) - (-546)/65?
5
Suppose 2*x + 4*l = 56 - 46, 5*x - 30 = -5*l. Suppose -x*n = 1 - 85. Calculate the remainder when (-93)/(-2) + (-2)/(-4) is divided by n.
11
Let o(m) = m**2 + 21*m + 10. Let x(w) = w**2 - w + 5. Let p(j) = -o(j) + 4*x(j). Calculate the remainder when 167 is divided by p(10).
47
Let m = 21058 + -20745. Calculate the remainder when m is divided by 3.
1
Let z = 406 - 402. Suppose -7*a + 545 = -2*a + 4*q, -4*a + z*q + 400 = 0. What is the remainder when a is divided by 37?
31
Suppose 2*y - 3*n = 9, 4*n + 0 = -5*y + 11. Let i(u) = -107 - 100 + 208 + 4*u. What is the remainder when 48 is divided by i(y)?
9
Calculate the remainder when 358 is divided by 289/2 - (8 - (-240)/(-32)).
70
Suppose -30 = -0*r - 5*r. Let a(l) = 2*l**2 - 11*l - 2. Let d be a(r). Let m(s) = 2*s**2 + s + 2. What is the remainder when 149 is divided by m(d)?
35
Suppose -5*i = -g + 91 - 73, -11 = -g - 2*i. What is the remainder when 433 is divided by g?
4
Suppose 2*o - 482 = -5*i - 133, 2*i = 2*o + 134. Let j = i - 63. What is the remainder when 22 - ((-2 - 2) + 0) is divided by j?
2
Suppose -3*a + 3*u + 6 = -0, -12 = -4*a + 2*u. Suppose -4*v - 2*b = -82, -v = a*b - 13 - 18. Calculate the remainder when 164 is divided by v.
12
Suppose 472*f + 15204 = 486*f. What is the remainder when f is divided by 3?
0
Let c be 3/(-9)*(-9 + 6)*82. Let w = c - -23. Suppose 4*g - w = -5*n + 2*g, -5*n - 3*g = -105. What is the remainder when 61 is divided by n?
19
Let u be (-99)/(-27) + (-6)/9. Suppose -2*q + 5*m - 3*m + 26 = 0, 3*q + u*m = 15. What is the remainder when 93 is divided by q?
3
Suppose 0 = -6*c + 298 - 94. Let o be (-29 + c)*4/5. Suppose -d + 27 = -o. Calculate the remainder when 61 is divided by d.
30
Suppose 3*b - k - 201 = 2*k, 0 = 2*k + 4. Let d = b - 3. Suppose 0 = 2*x + 3*z - d, 2*z + 203 = 5*x + 10. What is the remainder when x is divided by 20?
17
Let r = -6872 + 6969. What is the remainder when r is divided by 61?
36
Suppose k + 36 = 3*k. Suppose 4*i + 2*i = -2274. Let l = 480 + i. Calculate the remainder when l is divided by k.
11
Let r(w) = -4*w + 3. Suppose -35*d = -2*d - 297. Suppose 5*p = -4*a + 585, -3*p + 388 = -d*a + 4*a. What is the remainder when p is divided by r(-7)?
28
Let y be (111/6)/(3/6). Let p(l) = 2 + 95*l**2 + y*l**2 - 5*l**2 + 3*l. Calculate the remainder when p(-1) is divided by 32.
30
Suppose 65 = -4*l - 55. Let c be (l/(-135))/(1/9). Calculate the remainder when 5/20*c*142 is divided by 25.
21
Let g = -220 + 256. Calculate the remainder when 62 is divided by -17 + 15 - (-5)/(10/g).
14
Let i(x) = 24*x**3 - x**2 + 4*x + 1. Let n be i(2). Let f = 300 - n. Suppose 5*c - f = 52. Calculate the remainder when 91 is divided by c.
29
Suppose -112*f = 6*f + 255 - 6745. Calculate the remainder when 2251 is divided by f.
51
Suppose -495 = 9*a - 24*a. Suppose 4*c - s = 51, -a*s + 53 = 2*c - 28*s. Calculate the remainder when 54 is divided by c.
12
Calculate the remainder when ((-4)/(-6))/(138/288144) is divided by 49.
20
Let y be (-4672)/7 + 162/378. Let a = y - -731. What is the remainder when a is divided by 22?
20
Suppose 2*t - 158 = -12. Suppose t*w = 7*w + 1122. Suppose 0 = -2*g - z + 5 + 8, -4*g + 21 = z. Calculate the remainder when w is divided by g.
1
Suppose 5*o = 6*o - 23. Let h = -45 - -58. Let w = h + o. Calculate the remainder when w is divided by 3.
0
Let y(k) = 6*k + 83. Let h = -2388 - -2422. Calculate the remainder when y(20) is divided by h.
33
Let t(i) = 2*i**3 - 18*i**2 - 9*i - 4. Let d be t(11). Let l = -357 + d. What is the remainder when 25 is divided by l?
1
Let l = -11818 - -